e (4*(-2)/16)/(3/(-276)). Suppose 5*k + 68 + 17 = 0. Let m = k + q. What is the units digit of m?
9
Suppose 0 = -w - t + 1453 - 222, 5*w + 2*t = 6170. What is the hundreds digit of w?
2
Let o = -13 - -14. Suppose 1 = -w - 2*k - o, -5*w + 8 = 4*k. Suppose 0 = -w*p + 33 + 15. What is the units digit of p?
2
Suppose 0 = -11*y + 8*y + 3990. What is the hundreds digit of y?
3
Let c(p) = -2*p**2 + 2 - 7 - 8*p + p**2 + 1. Let w be c(-7). Suppose -40 = -w*z + 2*v, z - 13 = -0*z + v. What is the tens digit of z?
1
Let z = 11 + -28. Let m = z + 31. What is the units digit of m?
4
What is the tens digit of (661 - (-20)/(-4))*(-4)/(-8)?
2
Suppose -51163 - 28007 = -30*t. What is the thousands digit of t?
2
What is the units digit of (9/(45/(-48190)))/(-2)?
9
What is the units digit of (-3395)/(-9) - 4/(-18)*-1?
7
Let w(k) = 65*k - 3. What is the tens digit of w(3)?
9
Let x(h) = h**3 + 13*h**2 - 18*h - 26. Let p be x(-14). Let k be 280/6 - 2/3. Let q = k - p. What is the tens digit of q?
1
Suppose -21*q = -8*q + 78. What is the hundreds digit of (q/21)/1 - 4416/(-21)?
2
Suppose 10*o + 1339 = 6649. What is the tens digit of o?
3
Let v be (9/(-6))/((-2)/36). Suppose 55 = -5*j - 45. Let b = j + v. What is the units digit of b?
7
Suppose 3*i = -x + 1087, -4*x + 1082 = 3*i - 2*x. What is the units digit of i?
4
Let o = 543 + -883. What is the units digit of o/8*12/(-5)?
2
Let t be -3 - (-8 + 5 + -2). Let k be 2/(-9) + 951/27. Suppose -q + k = t*w, -35 = -4*w - 5*q + 38. What is the units digit of w?
7
Let m(r) = r**2 - 14*r + 35. Suppose 3*f = 2*f + 17. What is the units digit of m(f)?
6
Suppose 396*i = 395*i + 90. What is the tens digit of i?
9
Let f(y) = 219*y**2 + 2*y + 3. Suppose -w = -5*w + p + 1, -5*p - 25 = 0. What is the units digit of f(w)?
0
Let c be (-34 + 26)*(20/(-1))/2. Let v = c - -37. What is the units digit of v?
7
Let q be 2 - 1/(-1) - 204. What is the tens digit of (-4)/(-16) - q/12?
1
Let f = -6617 - -11855. What is the tens digit of f?
3
Let o(h) = 15*h**2 + 3 + h**3 - 2*h**2 - 5*h - h**2 - 7*h**2. What is the units digit of o(-5)?
8
Suppose -9*s + 10*s = 2. Suppose c - 165 = -s*c. Let r = c + -25. What is the units digit of r?
0
Let q = 720 + -260. What is the hundreds digit of q?
4
Let y(v) = v**3 + 3*v**2 - 5*v + 22. Let w be y(-6). What is the hundreds digit of (-2165)/(-7) - (-16)/w?
3
Suppose 0*s = -3*s + 165. Suppose 33 = 7*p - 121. Let i = s - p. What is the tens digit of i?
3
Let j = -5 - -7. Let g(h) = h**2 - 21*h - 2. Let p be g(8). What is the units digit of p/(-9) - j/(-9)?
2
Suppose x - 5*x = -16. Suppose 5*m - x - 6 = 0. What is the tens digit of m + -3 + 78 - 2?
7
Let f = -68 + 48. What is the tens digit of 462/8 - 5/f?
5
Let z = 31 + -26. What is the units digit of z/5 + 0 + 53?
4
Let n = 5322 - -319. What is the units digit of n?
1
Suppose 3*m + 15 + 27 = 0. Let u = 15 + m. What is the units digit of 4/2 - (u - 27)?
8
Let m be -1*8/((-24)/9). What is the tens digit of 144/56*(m - -11)?
3
Suppose 0 = -6*y + 3*y. Suppose y*p - 4*v - 180 = 4*p, -2*v - 130 = 3*p. Let n = p + 107. What is the units digit of n?
7
What is the hundreds digit of (-5 - -2)/((-21)/875)?
1
Suppose 213 = -2*i - 5*q, 518 = -5*i + q + q. Let g = i - -308. What is the units digit of g/26 + 10/65?
8
Suppose 5*f - 16 = -3*v + v, -4*v = f - 32. Suppose -o + 5*m = -121, -v*o + 3*o = -3*m - 539. What is the units digit of o?
6
Suppose i = -c + 19, -5*i + 0*i + 119 = -3*c. Let y = 70 - i. Let z = y - 23. What is the tens digit of z?
2
Let c(i) = i**2 + 11. Let t be c(-7). Let q = t - -55. What is the units digit of q?
5
Let r(y) = 2*y**3 - 12*y**2 + y + 3. Let g(t) = 3*t**3 - 13*t**2 + t + 4. Let h(k) = 3*g(k) - 4*r(k). Let q be h(-9). What is the units digit of q*-2*(-4)/24?
3
Let n = 531 - 82. What is the tens digit of n?
4
Let o = 35 + -37. What is the units digit of (-645)/(-10) + (-1)/o?
5
Let u(x) = -x**3 + 6*x**2 - 5*x. Let d be u(5). Let n(m) = -m**2 + 2*m + 80. What is the units digit of n(d)?
0
Let m(w) = -6*w**3 + 6*w**2 + 9*w - 2. What is the tens digit of m(-4)?
4
Suppose 4*g + 3*r = -1, 0 = g - 3*r - r - 14. Suppose 4*m = -g - 26. What is the units digit of (-3 - m)*(-1)/(-2)?
2
What is the hundreds digit of (9/(54/176) - -4)*21?
7
Suppose 19702 + 350 = 36*q. What is the tens digit of q?
5
Let f = 35 + -15. Suppose -6*s + f = -s. Suppose -s*p = -40 - 16. What is the tens digit of p?
1
Let x be 4/6 - 460/(-30). Suppose -14*o - 100 = -x*o. What is the units digit of o?
0
Let w(q) = q**2 + 11*q - 160. What is the units digit of w(13)?
2
Let s(c) = 0*c + 5 + 6 - 6 - c. What is the units digit of s(2)?
3
Suppose 0 = 4*z - h - 6, 2*h = 5*z + 7*h + 5. Let t be z/(-5) - (-4)/20. Suppose -3*a + 3*w + 30 = t, w = -w - 10. What is the units digit of a?
5
Let g = 1046 - 397. What is the hundreds digit of g?
6
Let u be -10*((-9)/2 - -4). Suppose -u*k + 28 = -3*o, 3*o - 21 + 4 = -4*k. Suppose k*a = q + 2*q + 197, -82 = -2*a - 2*q. What is the units digit of a?
0
Let z(f) be the first derivative of -2*f**2 + 35*f + 36. What is the units digit of z(5)?
5
Let s = 428 + -43. What is the units digit of s?
5
Let d(j) = j**3 + 15*j**2 + 4*j + 61. What is the hundreds digit of d(-14)?
2
Suppose -517 = -2*s - k, 4*k = -5*s + k + 1292. What is the hundreds digit of s?
2
Let v(q) = 786*q**2 - 17*q + 40. Let b(d) = 262*d**2 - 6*d + 14. Let r(i) = -17*b(i) + 6*v(i). What is the hundreds digit of r(1)?
2
Let z = 23 - 28. Let h(y) = -2*y**3 - 5*y**2 + 5*y + 4. Let m be h(z). Suppose 56 = j + 8*p - 3*p, -3*j = -p - m. What is the tens digit of j?
3
Suppose q = -3*l + 290, -q = l - 6*l + 486. What is the units digit of l?
7
Let q(s) = -s**3 + 7*s**2 - 5*s - 3. Let p be q(5). Let k = 8 + p. Suppose -4*l - t = -23 - 17, -2*l - 3*t + k = 0. What is the units digit of l?
9
Let g = -9256 + 13018. What is the thousands digit of g?
3
Let y(b) = b**3 + 5*b**2 - 3*b + 3. Let u be y(4). Let z = 224 - u. What is the tens digit of z?
8
Suppose 5*j - 11 = 4*p - 3, -3*j = -3*p - 3. Suppose -s + 4*a + 55 = 0, -p*s = -5*s - a + 74. What is the tens digit of s?
3
Let n(u) = u**2 + 22 + 16 - 5*u - 27 + 8. What is the tens digit of n(5)?
1
Let y = 5207 + -2360. What is the hundreds digit of y?
8
Let q be (-2)/4*((-6)/2 - 1). Suppose -182 + 58 = -q*d. What is the units digit of d?
2
Let w(k) = -60*k**2 - 2*k - 4. Let b(c) = -90*c**2 - 3*c - 6. Let m(i) = 5*b(i) - 8*w(i). What is the units digit of m(-1)?
1
Suppose -240*j + 232*j + 8848 = 0. What is the thousands digit of j?
1
Let i = -74 + 78. What is the units digit of (-4)/6*((4 - i) + -48)?
2
Suppose 4*f + 0*w + 114 = 3*w, -f = -5*w + 20. What is the units digit of 512/15 + 4/f?
4
Suppose 0 = p + 5*z - 12 - 3, -2*z = 2*p - 46. Let y = p + -7. Suppose -i + y = -7. What is the tens digit of i?
2
Suppose b + 63*j - 720 = 68*j, 2880 = 4*b - 3*j. What is the hundreds digit of b?
7
Let v = 20 + -14. Let l be v + 3/(-1) + -31. Let g = l + 51. What is the units digit of g?
3
Let w be 39/52 - 13/(-4). Suppose w*r + 0*r = 292. What is the units digit of r?
3
Let t = 35 + -36. Let j be ((-6)/t - 4) + 4. Suppose 0 = -j*n + n + 20. What is the units digit of n?
4
Let o = 16 + -14. Suppose 0 = 2*i + 6, -o*h + 3*i = -3*h - 6. Suppose 5*b + g + 4*g = 125, 0 = -2*b - h*g + 51. What is the units digit of b?
4
Let s(i) = -3*i**3 - 9*i**2 - 7*i + 6. Let w be s(-5). Suppose 5*c - 59 - w = 0. Suppose -240 = -5*h - c. What is the units digit of h?
8
Suppose 116*k = 103*k + 8073. What is the hundreds digit of k?
6
Suppose 19 = 3*s + 67. Let q(v) = v**2 + 14*v - 7. Let b be q(s). Let o = b - 18. What is the units digit of o?
7
Let n(t) = -2*t**2 - 8*t + 11. Let w be n(-8). Let c = -8 - w. What is the units digit of c?
5
Let w(h) = 39*h**2 + h - 4. Let s(u) = 77*u**2 + 2*u - 8. Let n(c) = -2*s(c) + 5*w(c). What is the hundreds digit of n(2)?
1
What is the thousands digit of -3*((-1636)/3 - 2)?
1
Let v = 128 - 45. Suppose -7*r = -594 + v. What is the tens digit of r?
7
Let i(z) = -8*z**3 + 4*z**2 - 20*z - 72. What is the tens digit of i(-3)?
4
Suppose -2*i = -79 - 57. Suppose 8*v = 10*v - i. Suppose a - v = -2. What is the tens digit of a?
3
Let h(p) = 2*p + 1. Let f be h(4). Let b = f - -12. Suppose -328 = b*y - 25*y. What is the tens digit of y?
8
Let y(d) = -4*d -